7/21*-15. Suppose q*d - 15*d = -2430. What is the units digit of d?
0
Let t be 3/2*2 - 18/(-18). Suppose -1 = -t*u + 3. Let w(z) = 203*z**2 + 1. What is the tens digit of w(u)?
0
Let c be (-27)/15 + 1 - 1743/(-35). Let w = c - 46. Suppose 0*m + 21 = 3*m - w*b, 2*m - 19 = 3*b. What is the units digit of m?
2
Suppose -249*o + 610*o - 6388280 = 653386. What is the tens digit of o?
0
Suppose -4*p + 4*w = -452, 3*p - 284 = w + 51. Let x = 113 - p. What is the tens digit of 7/((-35)/(-110)) + x?
2
What is the units digit of 1/(6/(-24)) + (8 - -2332)?
6
Suppose 2*m = m + 3*h + 6, -m = 4*h + 8. Let a(d) be the second derivative of -d**4/12 + 49*d**2 - 1112*d. What is the tens digit of a(m)?
9
Let d = -27 - -34. What is the units digit of (490/d)/((-14)/(-91))?
5
Let v = 7805 + -1957. What is the tens digit of v?
4
Let w be 1*1*39 + 13 + -9. Let n = w + -39. Suppose -4*v + 95 = -r, n = v - r - 19. What is the tens digit of v?
2
Suppose 18*i - 9*i = -1377. What is the tens digit of (73/(-3))/(i/(-162) + -1)?
3
Suppose -7*k - 62802 = -25*k. Suppose 0 = 8*i - k - 303. What is the hundreds digit of i?
4
Let o(u) = -183*u + 282. Let t be o(-11). Let x = t + -1058. What is the units digit of x?
7
Suppose 15 = -4*o - 37. What is the hundreds digit of 27/6*o/(195/(-1880))?
5
Suppose 8*i - 20*i = 1584. What is the tens digit of (520/(-80))/(2/i)?
2
Let h(c) = -9443*c - 162. What is the hundreds digit of h(-1)?
2
Let h(g) = 1165*g**3 - 2*g**2 - 3*g - 3. Let v be h(-1). Let m = 2202 + v. What is the thousands digit of m?
1
Let f = -47 + 29. Let s be 1/2*f/1. What is the units digit of (0 - -1)*(-8 - s)?
1
Let a be (15/(-4) + 3)*-24. Suppose -3*b - 3*b = -a. Suppose -98 = -3*z + 5*h, -b*z + 8*h = 5*h - 102. What is the tens digit of z?
3
Let q be 28/(-10) - (-35)/(-175). What is the tens digit of 1/((-5)/(-1345)) - (q + 8)?
6
Suppose 4*n = 16*n + 20*n - 676064. What is the thousands digit of n?
1
Suppose -14*b + 27 = -43. Suppose 0 = 5*z - 2*q - 2171, -5*z + 2851 = b*q + 701. What is the units digit of z?
3
Let d = -7319 - -41758. What is the tens digit of d?
3
Let j(m) = -4*m**2 + 42*m + 29. Let z be j(15). Let r = 361 - z. What is the hundreds digit of r?
6
Suppose t = -2*t + 9. Suppose -1212*x + 1211*x = -4. Suppose -h + t*p = -20, -x*h + 3*p + 1 + 61 = 0. What is the units digit of h?
4
Let b(c) = -742*c + 92. What is the units digit of b(-25)?
2
Suppose -3*z + 4*v = z - 644, -161 = -z - 5*v. Let a = 659 - z. What is the units digit of a?
8
Let a(g) = 776*g - 227. What is the tens digit of a(9)?
5
What is the hundreds digit of (8849/4)/(((-15)/130)/((-90)/195))?
8
Let c(t) = 21*t + 55. Let a be c(-18). Let o = -203 - a. What is the tens digit of o?
2
Let g(o) = 0*o**2 - 5*o + 29 - 10 - o**3 + 10*o**2. Let y = 3243 + -3235. What is the tens digit of g(y)?
0
Suppose 2*f - 275 = -87. Suppose -f - 54 = -2*r. Suppose 0 = -7*q + 185 + r. What is the tens digit of q?
3
Let x(p) = 57*p**3 - 4*p**2 + 5. Let l be x(3). What is the hundreds digit of 216/(-2)*l/(-174)?
9
Let d(s) = -s**3 + 4*s**2 + 9*s - 5. Let f be d(6). Let k be (f*6)/(12/(-64)). Suppose 4*v + 4*v - k = 0. What is the tens digit of v?
9
Suppose -33*l = 302119 - 1290172. What is the ten thousands digit of l?
2
Let r be 0/(4/2) + 4. Suppose 2*i + 42 = -r*i. What is the units digit of (240/168)/((-1)/i)?
0
Let b(z) = -2*z**2 + 26*z + 88. Let g be b(13). Let a be -2*1*-2 + -1. Suppose 0 = -4*i + a*m + 447, 4*m + g = i + 8*m. What is the units digit of i?
8
Let c = -17963 + 35932. What is the units digit of c?
9
Suppose 9*d = -7*d + 13680. Suppose -774 - d = -9*b. What is the tens digit of b?
8
Suppose 0 = -2*v - 10, 2*t + v + 15 = 18. Suppose -6 = -2*b - 16, 3*n - t*b = 1697. What is the hundreds digit of n?
5
Let d(v) = 2*v**2 + 44*v + 178. Let l be d(-17). Suppose 2792 = l*x - 10280. What is the thousands digit of x?
1
Let s = 281 + -271. Let l(b) = 3*b**2 - 2*b - 45. What is the units digit of l(s)?
5
Let l(b) = -97*b - 2. Let y(m) = 96*m + 1. Let w(q) = -2*q**2 + 10*q - 11. Let g be w(4). Let a(j) = g*l(j) - 2*y(j). What is the tens digit of a(1)?
0
Suppose -3*s - 1267 = -2*i, -5*i - 99*s = -100*s - 3187. Suppose 4*p + p = 2225. Let w = i - p. What is the units digit of w?
3
Let v be (-6)/(-2) - (-4 + 8 + -432). Suppose -v = -c - 5*y, 4*c + 824 = -4*y + 2596. What is the tens digit of c?
4
Let f = -6805 + 14366. What is the tens digit of f?
6
Let u(j) = -79*j**2 + 89*j - 5 - 26*j + 85*j**2. What is the units digit of u(5)?
0
Let v(x) = x**3 + 21*x**2 - 7*x + 76. Let z be v(-24). Let w = -615 - z. What is the units digit of w?
9
Suppose -53560 = -45*d + 41*d - w, 0 = -3*w - 12. What is the hundreds digit of d?
3
Let a(b) = -21*b + 5. Let x = -64 - -67. Suppose 0 = -x*r - v, -5*r + 6 - 5 = 2*v. What is the tens digit of a(r)?
2
Let u = 2326 + -1761. What is the hundreds digit of u?
5
Let l be -5 - -4 - 1*-1. Suppose -r = -4*i - 5*r + 496, -3*r + 612 = 5*i. Suppose -4*u + 204 + i = l. What is the units digit of u?
1
Let d = 3895 + 2339. What is the tens digit of d?
3
Let z = 28 - -38. Let s be (-1)/(15/z) + (-24)/40. Let k = 65 - s. What is the tens digit of k?
7
Let g(c) = -3843*c**3 - 12*c**2 - 18*c - 3. What is the units digit of g(-2)?
9
Suppose 2*g - 58 + 24 = 0. Suppose 0 = -5*c + g - 2. Suppose -c*d - 90 = -5*d. What is the tens digit of d?
4
Let o be (9 - 3)*-10*5. Let n = o - -613. What is the units digit of n?
3
Suppose 2*h = 2*k - 7*k + 75092, -3*k - 37590 = -h. What is the ten thousands digit of h?
3
Suppose b + 1 = -5*j + 15, b + 16 = 5*j. Suppose -j*o - 451 = -14*o. What is the units digit of o?
1
What is the units digit of ((-1090315)/76 + -8)*-4?
7
Let b = -1970 - -2785. Let k = b + -581. What is the tens digit of k?
3
What is the units digit of 11/(715/1586)*95?
8
Let b = -7960 - -14252. What is the thousands digit of b?
6
Suppose 3*s - 7*s = -28. Suppose 8 = s*d - 251. Let r = d + 66. What is the units digit of r?
3
Let c(i) = -i**3 + 4*i**2 + 4*i + 5. Let x be c(4). Suppose b + 18 = x. What is the units digit of b?
3
Let t = -4267 - -6988. What is the thousands digit of t?
2
Let x(u) = -34*u**3 - 6*u**2 + 5*u - 5. Let s be x(2). Let q = s + 420. What is the units digit of q?
9
Let l = -289 - -293. Suppose 0 = -4*c + i + 753 + 952, 5*c - 2134 = l*i. What is the hundreds digit of c?
4
Suppose -9*b + 2282 + 2910 = -18991. What is the units digit of b?
7
Let k be (6 - 8)/((-4)/118). Let j = -15 + -18. Let l = j + k. What is the units digit of l?
6
What is the tens digit of (149190/(-150))/(16/20 + -1)?
7
Suppose -4*o + 32*o + 24612 = 0. Let s = o - -1023. What is the units digit of s?
4
Let f(x) = -4*x - 75. Let i be f(-20). Suppose 2*z + r - 886 = 0, -2*z + i*r + 2215 = 3*z. What is the hundreds digit of z?
4
Let o be ((-2)/4)/(1/(-4)). What is the thousands digit of (-3)/o*(-5)/((-60)/(-8408))?
1
Let c be (-9265)/34*6/5. Let g = c - -341. What is the units digit of g?
4
Let y(p) = -p**3 + 6*p**2 + 12*p - 30. Let z be y(7). Suppose n = -0*r + z*r + 428, 2*r + 1730 = 4*n. What is the units digit of n?
3
Let z(v) = v**2 + 1. Let p be z(-2). Suppose p*k - 64 = 13*k. What is the units digit of (42/k)/(24/(-128))?
8
Suppose -72*d = -68*d - 73536. What is the ten thousands digit of d?
1
Suppose -g = -3*g - 8. Let u(b) = -11*b**2 + 35*b + 8. Let h be u(3). What is the tens digit of g/(-14) - (-1074)/h?
7
What is the thousands digit of (-54710)/(-12) + 16 + 2425/(-150)?
4
Let v be (-18)/12 - (-147)/6. Let o(k) = 17*k - 80. Let w be o(v). Let u = -65 + w. What is the hundreds digit of u?
2
Let o(m) = m**2 + 5*m - 6. Let w be o(-6). Let t be (-377)/(-65) + (-5 - (-124)/20). Suppose -16 = -3*f - t, w = -5*l + 2*f + 24. What is the units digit of l?
6
Let i(v) = 2*v + 75. Let d be i(0). Let z be -2 - (-1 - (0 + 6)). Suppose d = a - 4*f, -37 = 5*a - z*f - 442. What is the units digit of a?
3
Suppose 0 = 5*b + 4*a - 27494, -7230 = -2*b - 3*a + 3776. What is the thousands digit of b?
5
Let z = -453 - -454. What is the units digit of ((-1932)/126)/(z/141*-2)?
1
Let d = 29 - 11. Let g = d + -54. What is the tens digit of (-6)/g + 1019/6?
7
Let q(v) be the third derivative of 0*v + 5/2*v**3 - 42*v**2 - 13/12*v**4 + 0. What is the units digit of q(-7)?
7
Let s = -7487 - -10457. What is the hundreds digit